3
Let j(q) = -36*q**2 + 18*q + 13. Let z be j(8). Let b = -598 - z. Suppose -12*m + b = 565. List the prime factors of m.
2, 41
Suppose -16963 = -3*b + 4*h, 39*h - 43*h = 4. List the prime factors of b.
5653
Suppose 318 + 631 + 571 = 2*u. List the prime factors of u.
2, 5, 19
Let a(q) = -q**3 + 10*q**2 + 18*q - 50. Let c be a(11). Suppose 0 = 4*t + 3*p - 2*p + 328, 410 = -5*t - p. Let r = c - t. What are the prime factors of r?
109
Let s = 6 - 4. Let l(k) = -4*k**2 + 2*k + 3. Let y be l(s). Let r(j) = -12*j - 18. What are the prime factors of r(y)?
2, 3, 5
Let v(i) = 2*i**3 + i**2 - 5*i - 3. Let x = 29 - 24. Suppose 10*o = 5*o + 4*m, -m + 25 = x*o. List the prime factors of v(o).
11
Let p = 21515 + -14490. What are the prime factors of p?
5, 281
Let b(n) = 11*n - 66. Let j be b(8). Suppose -351 = 21*l - j*l. List the prime factors of l.
3, 13
Let a = -49 - -51. Suppose -a*s = 3*m - 0 - 14, -s = -4. List the prime factors of 1*(m - 1 - -5).
2, 3
Let k = 12 + -7. Suppose 4*x - 21 = 3*t + 143, 308 = -k*t - 2*x. Let q = t + 157. What are the prime factors of q?
97
Let k(g) = 53*g + 105. Suppose 91*j - 126 = 82*j. List the prime factors of k(j).
7, 11
Suppose 504*x - 3*d - 191201 = 499*x, -114729 = -3*x + 3*d. List the prime factors of x.
2, 11, 79
Let y be (-1 + 0)*65/5. Let j(t) = -79*t - 142. List the prime factors of j(y).
3, 5, 59
Let z(u) = -2*u + 12. Let i be z(6). Suppose 4*c + o + 592 - 2405 = i, 0 = -c - 4*o + 457. What are the prime factors of c?
3, 151
Let s = 19934 + -1383. What are the prime factors of s?
13, 1427
Suppose 635 = 6*n - n. Suppose -28*g + 166 = -32*g - 2*k, -4*g - 191 = -3*k. Let h = g + n. What are the prime factors of h?
83
Let q(a) = -a**3 + a**2 + a - 1. Let x be q(-1). Suppose x = 3*n + 2*n - 540. List the prime factors of ((-110)/(-15))/(3/n).
2, 3, 11
List the prime factors of 734/(-3)*(-5)/(2 - 948/504).
2, 7, 367
Let m(d) = -180*d**3 - 4*d**2 + 8*d + 25. Let z be m(-3). Suppose 2*o + 2908 = 4*x, 5*x - z = -4*o - 1190. What are the prime factors of x?
727
Let w(c) = -567*c + 4. Let f(u) = -1133*u + 6. Let z(y) = 4*f(y) - 7*w(y). List the prime factors of z(-3).
5, 337
Let y = -6643 + 14127. What are the prime factors of y?
2, 1871
Suppose 5*f + 3375 = -5*l + 125, 4*l - 4*f = -2608. Let t = l - -1293. What are the prime factors of t?
2, 3, 107
Suppose 0 = -2*w + 2*m + 502, 0 = -3*w + 5*m + 897 - 140. Let l be 861/2 + -2 - (-1)/2. Let o = l - w. List the prime factors of o.
2, 3, 5
Let a(n) = n**2 - 15*n - 12. Let p be a(12). Suppose -9*x = -2*x - 231. Let h = x - p. What are the prime factors of h?
3
Suppose 7*w - 10*w = -5*g - 14, 0 = -5*w + g + 16. Suppose -3032 = -4*p - 4*f, w*p - 4*f - 1753 - 493 = 0. List the prime factors of p.
2, 13, 29
Suppose -1998 = -12*g + 11226. Let j = g + -218. What are the prime factors of j?
2, 13, 17
Let d(z) = -1054*z + 179. Let l be d(-7). Suppose -4*u = -15*u + l. What are the prime factors of u?
3, 229
Let v(n) = n**2 - 6*n - 27. Let b(h) = -h - 14. Let x be b(-22). Let a be v(x). Let d(u) = u**3 + 11*u**2 - u + 2. What are the prime factors of d(a)?
13
Let m = 130 - 62. Let q = -25 - 11. Let j = q + m. List the prime factors of j.
2
Suppose -9*s + 10*s - 3 = 0. Suppose 0 = 6*n - s*n. Suppose n = 2*l - 0*l - 46. What are the prime factors of l?
23
Let l = -57 + 63. Suppose 3051 = l*s - 1995. List the prime factors of s.
29
Suppose -9*r - 116 = 5563. Let q = -368 - r. What are the prime factors of q?
263
Suppose -3*q + 28 - 4 = 0. Let n be (q/16)/((-1)/(-12)). Let b(h) = -h**3 + 11*h**2 - 5*h - 1. What are the prime factors of b(n)?
149
Let d be 0 + 4 - (-121 + (-10)/2). Suppose d = -2*c + 1308. What are the prime factors of c?
19, 31
What are the prime factors of 56/7 - (-6161 + 14)?
5, 1231
Suppose 3*x - 3 = -t, -5*x = -5*t - 8*x - 21. What are the prime factors of 5490/72 + t/(-8)?
7, 11
Suppose 11*b = -288 - 383. Let v = b - -67. Suppose -123 = -v*c + 69. List the prime factors of c.
2
Suppose -59 = -11*y + 7. Suppose -4*q = 5*h - 4243, -5*q + 4*h + 5325 = y*h. List the prime factors of q.
11, 97
Suppose -r - 2*r + x = 26, -32 = 4*r - 2*x. Let m be 4 - (-442)/r - 2/(-10). Let p = -10 - m. What are the prime factors of p?
2, 3, 5
Let t = 802 + 293. List the prime factors of t.
3, 5, 73
Let c(k) = k**3 + 17*k**2 - 18*k + 1. Let z be c(-18). Let b = -113 + 79. List the prime factors of 2*z/4 + (-5389)/b.
3, 53
Let w be (-23)/5 + 5 - 78/(-5). Suppose w*i = 3*i + 4550. What are the prime factors of i?
2, 5, 7
Let a be 809/3*3 - 4. Let n = 1006 - a. List the prime factors of n.
3, 67
Suppose -134674 = -13*u - 23017. List the prime factors of u.
3, 7, 409
Suppose 58*a = -58*a + 90*a + 392418. What are the prime factors of a?
3, 13, 43
What are the prime factors of ((-2)/((-4)/10))/(765/3578364)?
2, 3, 1949
Suppose -15698 - 10454 = -7*t. List the prime factors of t.
2, 467
Suppose -65*c + 836647 = -1357688. What are the prime factors of c?
3, 11, 31
Suppose -8*k + 2719 = 167. Let m = k + -252. What are the prime factors of m?
67
Let i(a) = -a**3 - 9*a**2 + 5*a + 29. Let w be i(-4). Suppose h - 26 = 2*s - 3*h, 3*s + 23 = -2*h. List the prime factors of (w + s)*(-2)/5.
2
Let q(y) = 126*y + 1420. Let c be q(-11). Let j(t) be the second derivative of t**3 + 31*t**2/2 + 2*t. What are the prime factors of j(c)?
5, 47
Suppose -7*g + 10*g - 604 = -4*c, -3*g + 752 = 5*c. Let q be c - 1 - -3*(-2 - -3). Suppose 23*k - 24*k = -q. List the prime factors of k.
2, 3, 5
Let o = -26 - -28. Suppose 306 = -5*m - 4*g + o*g, 0 = 3*m - 4*g + 194. Let l = 64 + m. What are the prime factors of l?
2
Let x = 13 - 11. Let r(y) = y + 1. Let t be r(-5). List the prime factors of (x - 66)/(t/6).
2, 3
Suppose 3*l - 8*l = -20. Let x(d) = 12*d - 4. Let p be x(l). List the prime factors of (p + 1)/5 + 1.
2, 5
Let b be (-39 + 0)/((-3)/2). Suppose m + 5*w + 16 = 94, -m = -w - 66. Let s = m - b. List the prime factors of s.
2, 3, 7
List the prime factors of (-146157)/(-88) - 2/(-16).
11, 151
Suppose 11*k + 67 = -32. Let n(t) = 6*t**2 + 4*t**2 + 2*t + 0*t + t**3 + 9. List the prime factors of n(k).
2, 3
List the prime factors of (1455/(-60))/(1/(-22)*2/4).
11, 97
Let q = -393 - -247. Let y be 7/21 - q/3. Suppose y*l - 54*l = -430. List the prime factors of l.
2, 43
Let c(d) = d**2 + d - 1. Let g(t) be the first derivative of -2*t**3 - 2*t**2 + 19*t + 1. Let j(o) = -5*c(o) - g(o). What are the prime factors of j(-15)?
2, 113
Let o(w) = -47*w + 33. Let c = -153 - -146. List the prime factors of o(c).
2, 181
Suppose 0 = 53*l + 84*l - 252628. What are the prime factors of l?
2, 461
Let x = 24135 - 14779. List the prime factors of x.
2, 2339
Let x(t) be the second derivative of -32*t**3/3 - 23*t**2/2 + 19*t. Let m(f) = -16*f - 6. Let v(g) = 9*m(g) - 2*x(g). What are the prime factors of v(-5)?
2, 3
What are the prime factors of (-42)/112 + (-146898)/(-48)?
2, 3, 5, 17
Suppose -2*a + 3 = i - 18, 0 = -3*i - 2*a + 67. Suppose 3*h - i = 82. Let x = h + 36. What are the prime factors of x?
71
What are the prime factors of ((-21)/(378/60))/(2/(-7557))?
5, 11, 229
Suppose -5*a = -3*d - 537 + 3767, 1076 = d - a. List the prime factors of d.
5, 43
Let x be (27 + -24)*1*211. Let h = x + -379. What are the prime factors of h?
2, 127
Let v(w) = -4*w**3 - 61*w**2 - 17*w - 33. Let g be v(-15). List the prime factors of g + (8920/(-24))/((-1)/3).
2, 139
Let o(u) = -u - 1. Let x be o(-8). Suppose -a + x = 5. Suppose 0 = 5*i + 5*f - 315, a*f - 19 = -i + 39. What are the prime factors of i?
2, 17
Suppose -18*y + 13*y + 10 = 0. Suppose 5*x - 144 - 1881 = 3*h, 5*x + y*h = 2050. Let i = -235 + x. List the prime factors of i.
173
Suppose 0 = -4*f + 5*s - 4605, 4*f + 3736 + 834 = -2*s. Let v = 180 - f. List the prime factors of v.
5, 53
Suppose 906*c + 25560 = 910*c. List the prime factors of c.
2, 3, 5, 71
Suppose 83*j - 194160 = 68*j. What are the prime factors of j?
2, 809
List the prime factors of (56/35)/(((-7)/(-52805))/7).
2, 59, 179
Let h = -2021 - -18709. List the prime factors of h.
2, 7, 149
Suppose -g = -2*x + 2*g + 55706, 2*g = -7*x + 195046. What are the prime factors of x?
2, 13931
Let x(l) be the third derivative of -6*l**2 + 2/3*l**3 + 13/60*l**5 - 1/6*l**4 + 0 + 0*l. List the prime factors of x(-3).
7, 19
Suppose 11*w - 9*w